{"id":3,"date":"2024-12-14T23:22:49","date_gmt":"2024-12-14T22:22:49","guid":{"rendered":"http:\/\/generation-impact-solidarite.com\/?page_id=3"},"modified":"2024-12-23T22:18:36","modified_gmt":"2024-12-23T21:18:36","slug":"politique-de-confidentialite","status":"publish","type":"page","link":"https:\/\/generation-impact-solidarite.com\/index.php\/politique-de-confidentialite\/","title":{"rendered":"Mentions l\u00e9gales et politique de confidentialit\u00e9"},"content":{"rendered":"\n<h3 class=\"wp-block-heading\"><strong>Politique de confidentialit\u00e9<\/strong><\/h3>\n\n\n\n<h4 class=\"wp-block-heading\"><strong>Qui sommes-nous ?<\/strong><\/h4>\n\n\n\n<p>L\u2019adresse de notre site est :&nbsp;<strong><a href=\"https:\/\/generation-impact-solidarite.com\/\">https:\/\/generation-impact-solidarite.com<\/a><\/strong>.<\/p>\n\n\n\n<h4 class=\"wp-block-heading\"><strong>Commentaires<\/strong><\/h4>\n\n\n\n<p>Lorsque vous laissez un commentaire sur notre site, nous collectons les donn\u00e9es inscrites dans le formulaire, ainsi que votre adresse IP et l&#8217;agent utilisateur de votre navigateur. Ces informations nous aident \u00e0 d\u00e9tecter les commentaires ind\u00e9sirables.<br>Une cha\u00eene anonymis\u00e9e (hash) cr\u00e9\u00e9e \u00e0 partir de votre adresse e-mail peut \u00eatre envoy\u00e9e au service Gravatar pour v\u00e9rifier son utilisation. Vous pouvez consulter leur politique de confidentialit\u00e9 ici :&nbsp;<a>https:\/\/automattic.com\/privacy\/<\/a>.<\/p>\n\n\n\n<h4 class=\"wp-block-heading\"><strong>M\u00e9dias<\/strong><\/h4>\n\n\n\n<p>Si vous t\u00e9l\u00e9versez des images sur le site, \u00e9vitez d&#8217;inclure des donn\u00e9es EXIF contenant des coordonn\u00e9es GPS. Les visiteurs peuvent t\u00e9l\u00e9charger et extraire ces donn\u00e9es \u00e0 partir des images publi\u00e9es.<\/p>\n\n\n\n<h4 class=\"wp-block-heading\"><strong>Les droits que vous avez sur vos donn\u00e9es<\/strong><\/h4>\n\n\n\n<p>Si vous avez un compte ou laiss\u00e9 des commentaires, vous pouvez demander un fichier contenant toutes les donn\u00e9es personnelles que nous d\u00e9tenons, ainsi que leur suppression (hors donn\u00e9es obligatoires pour des raisons administratives ou l\u00e9gales).<\/p>\n\n\n\n<h4 class=\"wp-block-heading\"><strong>Transmission des donn\u00e9es personnelles<\/strong><\/h4>\n\n\n\n<p>Les commentaires des visiteurs peuvent \u00eatre v\u00e9rifi\u00e9s par un service automatis\u00e9 de d\u00e9tection de spam.<\/p>\n\n\n\n<hr class=\"wp-block-separator has-alpha-channel-opacity\"\/>\n\n\n\n<h3 class=\"wp-block-heading\"><strong>Mentions l\u00e9gales<\/strong><\/h3>\n\n\n\n<h4 class=\"wp-block-heading\"><strong>\u00c9diteur du site<\/strong><\/h4>\n\n\n\n<p>Association G\u00e9n\u00e9ration Impact Solidarit\u00e9<br>Si\u00e8ge social : Rue du puchot, 76500 Elbeuf, France.<br>E-mail :\u00a0<a>contact@generation-impact-solidarite.com<\/a><br>Responsable de publication : Amadou Dia<\/p>\n\n\n\n<h4 class=\"wp-block-heading\"><strong>H\u00e9bergeur du site<\/strong><\/h4>\n\n\n\n<p>OVH<br>Adresse : Adresse : 2 rue Kellermann, 59100 Roubaix, France<br>T\u00e9l\u00e9phone : 1007<\/p>\n\n\n\n<h4 class=\"wp-block-heading\"><strong>Propri\u00e9t\u00e9 intellectuelle<\/strong><\/h4>\n\n\n\n<p>Tout le contenu pr\u00e9sent sur ce site (textes, images, vid\u00e9os, logos) est la propri\u00e9t\u00e9 exclusive de&nbsp;<em>G\u00e9n\u00e9ration Impact Solidarit\u00e9<\/em>, sauf mention contraire. Toute reproduction est interdite sans autorisation pr\u00e9alable.<\/p>\n\n\n\n<h4 class=\"wp-block-heading\"><strong>Responsabilit\u00e9<\/strong><\/h4>\n\n\n\n<p>Nous faisons tout notre possible pour assurer l&#8217;exactitude des informations sur ce site. Cependant, l\u2019association d\u00e9cline toute responsabilit\u00e9 en cas d&#8217;erreurs ou d&#8217;omissions.<\/p>\n\n\n\n<h2 class=\"wp-block-heading\">Cookies<\/h2>\n\n\n\n<p>Si vous d\u00e9posez un commentaire sur notre site, il vous sera propos\u00e9 d\u2019enregistrer votre nom, adresse e-mail et site dans des cookies. C\u2019est uniquement pour votre confort afin de ne pas avoir \u00e0 saisir ces informations si vous d\u00e9posez un autre commentaire plus tard. Ces cookies expirent au bout d\u2019un an.<\/p>\n\n\n\n<p>Si vous vous rendez sur la page de connexion, un cookie temporaire sera cr\u00e9\u00e9 afin de d\u00e9terminer si votre navigateur accepte les cookies. Il ne contient pas de donn\u00e9es personnelles et sera supprim\u00e9 automatiquement \u00e0 la fermeture de votre navigateur.<\/p>\n\n\n\n<p>Lorsque vous vous connecterez, nous mettrons en place un certain nombre de cookies pour enregistrer vos informations de connexion et vos pr\u00e9f\u00e9rences d\u2019\u00e9cran. La dur\u00e9e de vie d\u2019un cookie de connexion est de deux jours, celle d\u2019un cookie d\u2019option d\u2019\u00e9cran est d\u2019un an. Si vous cochez \u00ab&nbsp;Se souvenir de moi&nbsp;\u00bb, votre cookie de connexion sera conserv\u00e9 pendant deux semaines. Si vous vous d\u00e9connectez de votre compte, le cookie de connexion sera effac\u00e9.<\/p>\n\n\n\n<p>En modifiant ou en publiant une publication, un cookie suppl\u00e9mentaire sera enregistr\u00e9 dans votre navigateur. Ce cookie ne comprend aucune donn\u00e9e personnelle. Il indique simplement l\u2019ID de la publication que vous venez de modifier. Il expire au bout d\u2019un jour.<\/p>\n\n\n\n<h2 class=\"wp-block-heading\">Contenu embarqu\u00e9 depuis d\u2019autres sites<\/h2>\n\n\n\n<p>Les articles de ce site peuvent inclure des contenus int\u00e9gr\u00e9s (par exemple des vid\u00e9os, images, articles\u2026). Le contenu int\u00e9gr\u00e9 depuis d\u2019autres sites se comporte de la m\u00eame mani\u00e8re que si le visiteur se rendait sur cet autre site.<\/p>\n\n\n\n<p>Ces sites web pourraient collecter des donn\u00e9es sur vous, utiliser des cookies, embarquer des outils de suivis tiers, suivre vos interactions avec ces contenus embarqu\u00e9s si vous disposez d\u2019un compte connect\u00e9 sur leur site web.<\/p>\n\n\n\n<h2 class=\"wp-block-heading\">Utilisation et transmission de vos donn\u00e9es personnelles<\/h2>\n\n\n\n<p>Si vous demandez une r\u00e9initialisation de votre mot de passe, votre adresse IP sera incluse dans l\u2019e-mail de r\u00e9initialisation.<\/p>\n\n\n\n<h2 class=\"wp-block-heading\">Dur\u00e9es de stockage de vos donn\u00e9es<\/h2>\n\n\n\n<p>Si vous laissez un commentaire, le commentaire et ses m\u00e9tadonn\u00e9es sont conserv\u00e9s ind\u00e9finiment. Cela permet de reconna\u00eetre et approuver automatiquement les commentaires suivants au lieu de les laisser dans la file de mod\u00e9ration.<\/p>\n\n\n\n<p>Pour les comptes qui s\u2019inscrivent sur notre site (le cas \u00e9ch\u00e9ant), nous stockons \u00e9galement les donn\u00e9es personnelles indiqu\u00e9es dans leur profil. Tous les comptes peuvent voir, modifier ou supprimer leurs informations personnelles \u00e0 tout moment (\u00e0 l\u2019exception de leur identifiant). Les gestionnaires du site peuvent aussi voir et modifier ces informations.<\/p>\n","protected":false},"excerpt":{"rendered":"<p>Politique de confidentialit\u00e9 Qui sommes-nous ? L\u2019adresse de notre site est :&nbsp;https:\/\/generation-impact-solidarite.com. Commentaires Lorsque vous laissez un commentaire sur notre site, nous collectons les donn\u00e9es inscrites dans le formulaire, ainsi que votre adresse IP et l&#8217;agent utilisateur de votre navigateur. Ces informations nous aident \u00e0 d\u00e9tecter les commentaires ind\u00e9sirables.Une cha\u00eene anonymis\u00e9e (hash) cr\u00e9\u00e9e \u00e0 partir&hellip;&nbsp;<a href=\"https:\/\/generation-impact-solidarite.com\/index.php\/politique-de-confidentialite\/\" rel=\"bookmark\">Read More &raquo;<span class=\"screen-reader-text\">Mentions l\u00e9gales et politique de confidentialit\u00e9<\/span><\/a><\/p>\n","protected":false},"author":1,"featured_media":0,"parent":0,"menu_order":0,"comment_status":"closed","ping_status":"closed","template":"","meta":{"give_campaign_id":0,"neve_meta_sidebar":"","neve_meta_container":"","neve_meta_enable_content_width":"","neve_meta_content_width":0,"neve_meta_title_alignment":"","neve_meta_author_avatar":"","neve_post_elements_order":"","neve_meta_disable_header":"","neve_meta_disable_footer":"","neve_meta_disable_title":"","_themeisle_gutenberg_block_has_review":false,"footnotes":""},"class_list":["post-3","page","type-page","status-publish","hentry"],"campaignId":"","_links":{"self":[{"href":"https:\/\/generation-impact-solidarite.com\/index.php\/wp-json\/wp\/v2\/pages\/3","targetHints":{"allow":["GET"]}}],"collection":[{"href":"https:\/\/generation-impact-solidarite.com\/index.php\/wp-json\/wp\/v2\/pages"}],"about":[{"href":"https:\/\/generation-impact-solidarite.com\/index.php\/wp-json\/wp\/v2\/types\/page"}],"author":[{"embeddable":true,"href":"https:\/\/generation-impact-solidarite.com\/index.php\/wp-json\/wp\/v2\/users\/1"}],"replies":[{"embeddable":true,"href":"https:\/\/generation-impact-solidarite.com\/index.php\/wp-json\/wp\/v2\/comments?post=3"}],"version-history":[{"count":2,"href":"https:\/\/generation-impact-solidarite.com\/index.php\/wp-json\/wp\/v2\/pages\/3\/revisions"}],"predecessor-version":[{"id":1017,"href":"https:\/\/generation-impact-solidarite.com\/index.php\/wp-json\/wp\/v2\/pages\/3\/revisions\/1017"}],"wp:attachment":[{"href":"https:\/\/generation-impact-solidarite.com\/index.php\/wp-json\/wp\/v2\/media?parent=3"}],"curies":[{"name":"wp","href":"https:\/\/api.w.org\/{rel}","templated":true}]}}

Mentions légales et politique de confidentialité

<h3 class="wp-block-heading"><strong>Politique de confidentialité</strong></h3>



<h4 class="wp-block-heading"><strong>Qui sommes-nous ?</strong></h4>



<p>L’adresse de notre site est :&nbsp;<strong><a href="https://generation-impact-solidarite.com/">https://generation-impact-solidarite.com</a></strong>.</p>



<h4 class="wp-block-heading"><strong>Commentaires</strong></h4>



<p>Lorsque vous laissez un commentaire sur notre site, nous collectons les données inscrites dans le formulaire, ainsi que votre adresse IP et l&#8217;agent utilisateur de votre navigateur. Ces informations nous aident à détecter les commentaires indésirables.<br>Une chaîne anonymisée (hash) créée à partir de votre adresse e-mail peut être envoyée au service Gravatar pour vérifier son utilisation. Vous pouvez consulter leur politique de confidentialité ici :&nbsp;<a>https://automattic.com/privacy/</a>.</p>



<h4 class="wp-block-heading"><strong>Médias</strong></h4>



<p>Si vous téléversez des images sur le site, évitez d&#8217;inclure des données EXIF contenant des coordonnées GPS. Les visiteurs peuvent télécharger et extraire ces données à partir des images publiées.</p>



<h4 class="wp-block-heading"><strong>Les droits que vous avez sur vos données</strong></h4>



<p>Si vous avez un compte ou laissé des commentaires, vous pouvez demander un fichier contenant toutes les données personnelles que nous détenons, ainsi que leur suppression (hors données obligatoires pour des raisons administratives ou légales).</p>



<h4 class="wp-block-heading"><strong>Transmission des données personnelles</strong></h4>



<p>Les commentaires des visiteurs peuvent être vérifiés par un service automatisé de détection de spam.</p>



<hr class="wp-block-separator has-alpha-channel-opacity"/>



<h3 class="wp-block-heading"><strong>Mentions légales</strong></h3>



<h4 class="wp-block-heading"><strong>Éditeur du site</strong></h4>



<p>Association Génération Impact Solidarité<br>Siège social : Rue du puchot, 76500 Elbeuf, France.<br>E-mail : <a>contact@generation-impact-solidarite.com</a><br>Responsable de publication : Amadou Dia</p>



<h4 class="wp-block-heading"><strong>Hébergeur du site</strong></h4>



<p>OVH<br>Adresse : Adresse : 2 rue Kellermann, 59100 Roubaix, France<br>Téléphone : 1007</p>



<h4 class="wp-block-heading"><strong>Propriété intellectuelle</strong></h4>



<p>Tout le contenu présent sur ce site (textes, images, vidéos, logos) est la propriété exclusive de&nbsp;<em>Génération Impact Solidarité</em>, sauf mention contraire. Toute reproduction est interdite sans autorisation préalable.</p>



<h4 class="wp-block-heading"><strong>Responsabilité</strong></h4>



<p>Nous faisons tout notre possible pour assurer l&#8217;exactitude des informations sur ce site. Cependant, l’association décline toute responsabilité en cas d&#8217;erreurs ou d&#8217;omissions.</p>



<h2 class="wp-block-heading">Cookies</h2>



<p>Si vous déposez un commentaire sur notre site, il vous sera proposé d’enregistrer votre nom, adresse e-mail et site dans des cookies. C’est uniquement pour votre confort afin de ne pas avoir à saisir ces informations si vous déposez un autre commentaire plus tard. Ces cookies expirent au bout d’un an.</p>



<p>Si vous vous rendez sur la page de connexion, un cookie temporaire sera créé afin de déterminer si votre navigateur accepte les cookies. Il ne contient pas de données personnelles et sera supprimé automatiquement à la fermeture de votre navigateur.</p>



<p>Lorsque vous vous connecterez, nous mettrons en place un certain nombre de cookies pour enregistrer vos informations de connexion et vos préférences d’écran. La durée de vie d’un cookie de connexion est de deux jours, celle d’un cookie d’option d’écran est d’un an. Si vous cochez «&nbsp;Se souvenir de moi&nbsp;», votre cookie de connexion sera conservé pendant deux semaines. Si vous vous déconnectez de votre compte, le cookie de connexion sera effacé.</p>



<p>En modifiant ou en publiant une publication, un cookie supplémentaire sera enregistré dans votre navigateur. Ce cookie ne comprend aucune donnée personnelle. Il indique simplement l’ID de la publication que vous venez de modifier. Il expire au bout d’un jour.</p>



<h2 class="wp-block-heading">Contenu embarqué depuis d’autres sites</h2>



<p>Les articles de ce site peuvent inclure des contenus intégrés (par exemple des vidéos, images, articles…). Le contenu intégré depuis d’autres sites se comporte de la même manière que si le visiteur se rendait sur cet autre site.</p>



<p>Ces sites web pourraient collecter des données sur vous, utiliser des cookies, embarquer des outils de suivis tiers, suivre vos interactions avec ces contenus embarqués si vous disposez d’un compte connecté sur leur site web.</p>



<h2 class="wp-block-heading">Utilisation et transmission de vos données personnelles</h2>



<p>Si vous demandez une réinitialisation de votre mot de passe, votre adresse IP sera incluse dans l’e-mail de réinitialisation.</p>



<h2 class="wp-block-heading">Durées de stockage de vos données</h2>



<p>Si vous laissez un commentaire, le commentaire et ses métadonnées sont conservés indéfiniment. Cela permet de reconnaître et approuver automatiquement les commentaires suivants au lieu de les laisser dans la file de modération.</p>



<p>Pour les comptes qui s’inscrivent sur notre site (le cas échéant), nous stockons également les données personnelles indiquées dans leur profil. Tous les comptes peuvent voir, modifier ou supprimer leurs informations personnelles à tout moment (à l’exception de leur identifiant). Les gestionnaires du site peuvent aussi voir et modifier ces informations.</p>

<p>Politique de confidentialité Qui sommes-nous ? L’adresse de notre site est :&nbsp;https://generation-impact-solidarite.com. Commentaires Lorsque vous laissez un commentaire sur notre site, nous collectons les données inscrites dans le formulaire, ainsi que votre adresse IP et l&#8217;agent utilisateur de votre navigateur. Ces informations nous aident à détecter les commentaires indésirables.Une chaîne anonymisée (hash) créée à partir&hellip;&nbsp;<a href="https://generation-impact-solidarite.com/index.php/politique-de-confidentialite/" rel="bookmark">Read More &raquo;<span class="screen-reader-text">Mentions légales et politique de confidentialité</span></a></p>
